igit of j(-1)?
1
Suppose 5 - 1 = 2*x. Suppose 5*v + 4*b = 153, x*b = 1 + 3. Suppose -4*f - 2*c - c + 77 = 0, f = -4*c + v. What is the tens digit of f?
1
Let c = -3615 - -6240. What is the hundreds digit of c?
6
Let z(c) = 3583*c**2 + 10*c + 6. What is the units digit of z(-1)?
9
Let q = 26807 - -40625. What is the units digit of q?
2
Suppose 0 = -18*d + 15*d + 9. Suppose 90 = o - 5*i - 63, -d*o + i + 473 = 0. Suppose -3*p + 135 = 2*a, 5*p + 16 = 3*a - o. What is the tens digit of a?
6
Suppose 4*m + 5*b = 12832, -3*m = -61*b + 60*b - 9605. What is the units digit of m?
3
Let u(z) = 8*z + 106. Suppose -11*i = -16*i + 2*r - 50, -3*i = -3*r + 39. What is the tens digit of u(i)?
4
Let c be (-40)/(-12)*-2*3/(-5). Let q be (-128)/(-7) + c/(-14). Suppose -q*d = -22*d + 860. What is the tens digit of d?
1
Let f(r) = r**3 - 7*r**2 + 6*r. Let n be f(6). Suppose 3959 - 23615 = 117*a. What is the tens digit of -2 - (a + n/2)?
6
Let j(r) = 8*r**2 + 275*r - 167. What is the tens digit of j(-44)?
2
Suppose -27*y - 54*y + 4*y = -1785014. What is the units digit of y?
2
Let k = 6025 + -2998. What is the units digit of k?
7
Suppose 4 = z - t + 3, 3*z + 2*t - 23 = 0. Suppose -m + 35 = -z. What is the units digit of (m/6)/(4/30)?
0
Suppose 7*y - 42209 = 5958. What is the units digit of y?
1
Let z = -15845 + 27689. What is the thousands digit of z?
1
Let x = 20 + -14. Let a be (-2)/(-4) - (-165)/x. What is the units digit of 7/a*2 - 15/(-2)?
8
What is the thousands digit of (-1 - (-1454)/(-10))/(1116/(-14880))?
1
Let n be 1 + (-9)/(-3) + 0. Let y be (n/20 - -1)/(2/5). Suppose 0 = j - 3*o + 5*o - 29, -y*j - o + 92 = 0. What is the units digit of j?
1
Let d(c) = -c**2 - 25*c - 32. Let s = -93 - -76. Let x be d(s). Suppose 4*t = 3*n - 311, -x = -n - 5*t - 13. What is the hundreds digit of n?
1
Let a(h) be the second derivative of h**5/20 - h**4/12 + 4*h**3 + 5*h**2 + h + 11. What is the hundreds digit of a(9)?
8
Let y be (-16)/10 - -1 - 3468/(-255). Suppose 0*u + y = 3*j - u, -j + 4*u = -19. What is the units digit of (j + -6 - 0) + 27?
4
Let s = 236 - 332. Let j(a) = 37*a - 945. Let x be j(21). Let h = s - x. What is the units digit of h?
2
Let f be (3/(-6))/((-3)/(-42))*-1. Suppose v - 301 = -5*p, -4*p = 5*v - f*p - 1365. What is the hundreds digit of v?
2
Suppose 17*h - 19*h = -218. Suppose -5*c + 2*n + 109 - 15 = 0, -3*n = 5*c - h. Let z(b) = 9*b - 27. What is the hundreds digit of z(c)?
1
Suppose 2*v + l - 6*l - 111 = 0, 0 = -2*v + 2*l + 108. Let i = v + -54. What is the units digit of (37*-1)/(-2*i/(-4))?
4
Suppose 267*m - 257*m - 10760 = 0. Let n = m - 148. What is the tens digit of n?
2
Let s be (-2)/4 - (-28)/8. Let l be (-6)/(-9) - 64/6. What is the units digit of (-4)/l*5 + s?
5
Suppose -389*g = -307*g - 1314542. What is the tens digit of g?
3
Suppose -55 = 30*z - 19*z. What is the units digit of 1 + z - (321/(-3) + -1)?
4
Let t(i) = -19690*i**3 + 5*i**2 + 5*i. Let g be t(-1). Suppose 0 = 23*b - g - 16696. What is the units digit of b?
2
Let l be -8 - (6 + -11 + -104). Suppose 2*k - 143 = -v + l, 2*v - 2*k = 518. What is the tens digit of v?
5
Suppose 56175 - 16317 = 7*v. Suppose -11*k + 1016 = -v. What is the tens digit of k?
1
Suppose -5*f = -3*d - 2792, 2*d = 5*f - 2*f - 1863. Let q = -96 + d. What is the hundreds digit of q/6*(-2 + (-12)/(-9))?
1
Let p be (-6 + -4)*115/(-2). Suppose 5*o - 3*i - 286 = -0*i, 5*o + 2*i - 301 = 0. Suppose -p = -4*r - o. What is the units digit of r?
9
What is the units digit of 6 + -21*3/12 + (-96129)/(-36)?
1
Let z(t) = -t**3 - 14*t**2 - 3*t + 2. Let i be (-1)/(-2) + 255/(-6). Let b = i - -28. What is the units digit of z(b)?
4
Let w(z) = -37*z**3 + 3*z**2 + 3*z - 30. What is the units digit of w(-5)?
5
Let s(o) = 44*o**2 - 5*o - 42. Let r be s(-3). Suppose 0 = v - 2*v. Suppose 5*x - 14*x + r = v. What is the units digit of x?
1
Let g(d) = -d - 51. Let q(y) = -6*y - 370. Let o(m) = 22*g(m) - 3*q(m). Let b(a) = -2*a**2 + 2*a - 1. Let k be b(-2). What is the units digit of o(k)?
0
What is the tens digit of 49080/18 + (-3)/(-9)*1?
2
Let g be (-1)/(-6) + (-1785)/126. Let u(j) = j**2 - 8*j - 14. What is the tens digit of u(g)?
9
Let k be -5 - ((1 - -4) + -4). Let j(f) = 4*f**2 - 2*f + 244. Let g(w) = 5*w**2 - 2*w + 243. Let d(y) = k*g(y) + 7*j(y). What is the tens digit of d(0)?
5
Let x be 4/(32/20)*124/10. Let l = x - 27. Suppose z - 995 = -l*z. What is the tens digit of z?
9
Suppose 0 = 4*u + 3*j + 49, -54 = 4*u - 2*j - 20. Let l be 1/3*(25 + u). Suppose 0 = -l*p + 158 + 262. What is the tens digit of p?
8
Let x = 0 - -1. Suppose -51 = 12*i + 54 + 39. What is the units digit of (x + 50)/(15 + i)?
7
Suppose 5*a - 2*a = 2*x - 349, -4*a = -2*x + 344. Suppose -2*q = -2*y + 384, -x = -2*y + y + 3*q. What is the tens digit of y?
9
Suppose -2*l - 2*l = 192. Let y be (-30)/(-45) + (-1264)/6. Let m = l - y. What is the hundreds digit of m?
1
Let y(x) = 59*x**2 + 1. Let q be y(-1). Suppose q = -2*g + 8*g. What is the units digit of (6 + g/(-4))*1*2?
7
Suppose 34*c = 31*c + 6. Let l(t) = t**3 + 2*t**2 - c*t**2 + 204 + 0*t**3 + t**2 - t. What is the hundreds digit of l(0)?
2
Suppose -4*w = f - 17, -4*w + 5*f + 3 = -8. Suppose -w*j + 13 = -27. Suppose 402 = -j*p + 1762. What is the tens digit of p?
3
Let i = -22756 - -72729. What is the thousands digit of i?
9
Let v(t) = -53*t**3 - 2*t**2 - 2*t - 3. Let m be v(-2). Suppose -8*y - 15 = m. Let g = 127 + y. What is the units digit of g?
3
Let s(o) = 2784*o + 336. What is the hundreds digit of s(4)?
4
Let c(w) = w**3 - w**2 + w + 59. Let d be 26 + -2 + (1 - 2). Suppose -d*s + 19*s = 0. What is the tens digit of c(s)?
5
Let v(c) = 1680*c + 385. What is the hundreds digit of v(2)?
7
Suppose 948735 + 504849 = -18*m + 66*m. What is the thousands digit of m?
0
Suppose -5*i + 6836 = k, 54*i - k - 6834 = 49*i. What is the hundreds digit of i?
3
Suppose 43 - 3 = 10*u. What is the tens digit of 276 + -3 + 4 + u?
8
What is the ten thousands digit of 267864/(30 - 18) + -3?
2
Let i = 165 - 129. What is the units digit of ((-1116)/i)/((-1)/(10/2))?
5
Let r(u) = -51*u + 13. Suppose 3*g + 30 = -z + 10, 0 = 3*g + 2*z + 22. What is the hundreds digit of r(g)?
3
Let f be (-3 - -83)/((-10)/(-95)). Suppose -25 = 5*b, -i - 4*i + 3*b + f = 0. What is the tens digit of i?
4
Suppose -226*b - 69566 = -116*b - 124*b. What is the tens digit of b?
6
Suppose 497 = 4*b + 4*r + 3081, 4*b - r + 2574 = 0. Let y = b - -1098. What is the hundreds digit of y?
4
Suppose -m + 2*m - 139 = 3*w, 5*w + 3*m = -255. Let r = w - -52. What is the units digit of (r/5)/(2/195)?
8
Suppose -4*y + 0*y = -2*x - 106, 0 = -y - 2*x + 24. Let r = 39 - y. Suppose 0 = r*n - 1615 - 426. What is the units digit of n?
7
Suppose 8 = 43*j - 39*j. Let u(s) = s**3 - 8*s + 4 - 2*s**2 - 4*s**j + 5*s - 11. What is the units digit of u(8)?
7
Let v = 6182 + -1636. Suppose v + 1362 = 14*x. What is the hundreds digit of x?
4
Let a(n) = 135 + 6*n - 117 + 7*n + 18*n + 48*n**2. What is the hundreds digit of a(4)?
9
Suppose -4*g - 8*y + 12271 = -5*y, 2*g - 2*y - 6160 = 0. What is the tens digit of g?
7
Suppose -326*m + 7251460 = -6410874. What is the units digit of m?
9
Let l = 1 - -352. Let g be 206/5*15/(-3). Let q = g + l. What is the units digit of q?
7
Let o(t) = -85*t + 13. Let d(g) = -29*g + 4. Let f(y) = 17*d(y) - 6*o(y). Let i be (-10)/4*(-32)/20. What is the units digit of f(i)?
8
Let r(z) = -7*z - 2. Let w be r(1). Let s be 3 - 3/2*(-18)/w. What is the tens digit of (-40 - s)*36/(-15)?
9
Let x(m) = 11*m + 14*m + 2 - 26*m + 92. What is the units digit of x(23)?
1
Let a(x) = 6*x - 33. Let n be a(6). What is the tens digit of -506*(3 + 8/(-6)*n)?
0
Suppose -8*c = -16901 - 34851. What is the tens digit of c?
6
Let s be (-4)/2*(-5 - 28/(-8)). Suppose -294 = -2*q - 4*g + 120, s*q = -4*g + 615. What is the units digit of q?
1
Suppose 42*p - 176485 - 459311 = 0. What is the hundreds digit of p?
1
Let o(j) = j**2 + 13*j - 18. Let l be 10/(-4)*(-224)/(-40). Let r be o(l). What is the units digit of (-155)/(-3) + r/6?
1
Let g(b) = 9*b**2 - b - 2. Let a be g(-2). Let c = a + -42. Let n(u) = -u**2 - 8*u. What is the units digit of n(c)?
2
Let o be (10/4)/(-8 + (-170)/(-20)). Suppose 5*m + 4*u - 983 = 3996, 2*m + o*u = 1995. What is the hundreds digit of m?
9
Supp